 -205 (base 15) in base 9?
-555
12ab (base 12) to base 11
1682
12525 (base 6) to base 5
30200
What is 412210 (base 6) in base 14?
bdca
What is -1b95 (base 14) in base 11?
-3864
Convert -22300112 (base 4) to base 12.
-215b2
What is 11253 (base 6) in base 9?
2186
12231332 (base 4) to base 8
65576
Convert 2455 (base 7) to base 16.
39a
-3417 (base 8) to base 3
-2110221
-2677 (base 8) to base 2
-10110111111
-1ab6 (base 12) to base 14
-12c2
4163 (base 8) to base 16
873
-12212 (base 5) to base 15
-422
What is -1163 (base 13) in base 11?
-1925
What is -198 (base 11) in base 9?
-273
What is 725 (base 12) in base 2?
10000001101
What is -202201 (base 4) in base 11?
-1729
What is -121463 (base 8) in base 5?
-2314104
What is -11502 (base 6) in base 10?
-1694
5c4d (base 15) to base 7
111166
100001010 (base 2) to base 10
266
Convert aba (base 15) to base 10.
2425
Convert 6a98 (base 13) to base 7.
61503
What is -22748 (base 11) in base 10?
-32843
Convert 232405 (base 7) to base 15.
c554
Convert -3103 (base 5) to base 12.
-297
433034 (base 5) to base 13
6951
Convert 137d (base 16) to base 14.
1b65
What is 156a3 (base 14) in base 6?
1051251
What is -546 (base 9) in base 12?
-313
Convert -205 (base 16) to base 3.
-201011
-1220020120 (base 3) to base 14
-d884
What is 111101101 (base 2) in base 3?
200021
What is 3505 (base 6) in base 2?
1101000001
Convert -353123 (base 6) to base 12.
-157a3
Convert -4169 (base 10) to base 13.
-1b89
230f (base 16) to base 8
21417
15533 (base 7) to base 15
1475
2a62 (base 14) to base 15
2374
3000011 (base 4) to base 5
343133
What is 20220222 (base 3) in base 12?
2b08
-11101110 (base 2) to base 7
-460
Convert -109 (base 14) to base 4.
-3031
Convert -7784 (base 13) to base 4.
-10010132
What is 102102 (base 4) in base 11?
974
-1245 (base 6) to base 14
-189
What is -123231 (base 5) in base 6?
-34144
-8ba (base 12) to base 11
-a77
What is -2881 (base 12) in base 2?
-1001001100001
What is 1012222200 (base 3) in base 7?
130053
Convert -25c (base 15) to base 10.
-537
-226 (base 9) to base 10
-186
What is -234a (base 13) in base 2?
-1001101100011
6d8 (base 14) to base 12
95a
What is -302e (base 16) in base 10?
-12334
Convert -1855 (base 12) to base 10.
-2945
728 (base 10) to base 12
508
Convert -162434 (base 7) to base 2.
-111110101111000
Convert 3000 (base 4) to base 8.
300
Convert 782 (base 15) to base 10.
1697
-4808 (base 14) to base 3
-122012220
Convert -13147 (base 8) to base 15.
-1a75
101011111 (base 2) to base 6
1343
62 (base 13) to base 8
120
Convert 222461 (base 7) to base 2.
1001100110101101
Convert -11680 (base 10) to base 15.
-36da
Convert -12629 (base 10) to base 11.
-9541
What is 927a (base 11) in base 13?
57aa
Convert -163a (base 12) to base 10.
-2638
Convert -2221020 (base 3) to base 6.
-13523
Convert -23692 (base 11) to base 8.
-102466
What is -420 (base 11) in base 14?
-282
1a96 (base 11) to base 12
1646
Convert -10011100 (base 2) to base 11.
-132
-358 (base 10) to base 9
-437
Convert -110124 (base 5) to base 7.
-14022
743 (base 8) to base 16
1e3
-1422 (base 5) to base 11
-1a6
Convert 20000 (base 6) to base 16.
a20
What is 320230 (base 5) in base 6?
121254
-4504 (base 6) to base 7
-3025
What is -1603 (base 9) in base 5?
-14333
1010000111100100 (base 2) to base 11
29157
What is 756 (base 8) in base 11?
40a
Convert 210222 (base 3) to base 8.
1121
cbc (base 14) to base 6
15354
Convert 72 (base 12) to base 9.
105
Convert -2122 (base 5) to base 16.
-11f
Convert 28610 (base 9) to base 6.
230013
What is 111b (base 12) in base 10?
1895
What is -2311 (base 8) in base 16?
-4c9
What is 1340 (base 7) in base 12?
372
Convert -a72c (base 15) to base 9.
-53456
e (base 16) to base 6
22
Convert 279 (base 12) to base 9.
463
What is -24305 (base 6) in base 14?
-142d
Convert -34265 (base 7) to base 12.
-5068
What is -1522 (base 7) in base 13?
-376
What is 27476 (base 9) in base 7?
105165
Convert 53 (base 13) to base 14.
4c
Convert -1521 (base 6) to base 3.
-120011
-101011010010100 (base 2) to base 16
-5694
Convert -4151 (base 11) to base 9.
-7482
-20120220 (base 3) to base 4
-1023003
Convert 721 (base 8) to base 13.
29a
What is -7a9 (base 11) in base 16?
-3c6
Convert 12123 (base 4) to base 15.
1c6
Convert -3254 (base 9) to base 10.
-2398
37 (base 8) to base 2
11111
-bd5 (base 16) to base 15
-d6e
692 (base 11) to base 14
431
What is a818 (base 14) in base 15?
8905
1935 (base 11) to base 16
99a
-24 (base 8) to base 12
-18
Convert -28436 (base 9) to base 3.
-222111020
What is -22123 (base 4) in base 6?
-3031
What is -d2b (base 14) in base 11?
-1a42
What is -122662 (base 7) in base 14?
-8369
-51e (base 16) to base 8
-2436
What is -11002211222 (base 3) in base 13?
-2aa22
2301 (base 11) to base 3
11011002
Convert -10130122 (base 4) to base 9.
-26864
What is 6494 (base 11) in base 5?
233243
What is -4a8d (base 14) in base 7?
-53036
-10010100011010001 (base 2) to base 3
-10212020021
-226 (base 13) to base 7
-1036
54021 (base 6) to base 14
2977
Convert -570 (base 8) to base 9.
-457
Convert -12443 (base 5) to base 3.
-1100222
What is 243201 (base 5) in base 12?
5388
What is 4d7a (base 14) in base 16?
3540
Convert 226 (base 13) to base 8.
562
2144 (base 11) to base 10
2831
-10522 (base 7) to base 6
-20154
What is -68 (base 10) in base 7?
-125
Convert -751 (base 14) to base 8.
-2643
What is -19366 (base 14) in base 5?
-4020130
83a (base 14) to base 4
121110
What is -10054 (base 6) in base 10?
-1330
935 (base 12) to base 16
539
What is -20123230 (base 4) in base 15?
-a37a
What is -2112232 (base 4) in base 13?
-4510
a1 (base 15) to base 2
10010111
Convert 1333022 (base 4) to base 9.
12142
What is -c1 (base 13) in base 10?
-157
What is 809 (base 14) in base 2?
11000101001
-121502 (base 7) to base 16
-56b7
What is -10405 (base 8) in base 5?
-114412
a243 (base 12) to base 9
26146
2cf (base 16) to base 2
1011001111
-1434 (base 6) to base 10
-382
Convert -7e6d (base 15) to base 4.
-12203332
4803 (base 11) to base 9
8564
What is 18e (base 16) in base 7?
1106
What is 11010100010 (base 2) in base 4?
122202
Convert -a0 (base 11) to base 3.
-11002
105503 (base 7) to base 4
10211102
Convert 3b93 (base 13) to base 3.
102202102
Convert 10010100000 (base 2) to base 4.
102200
Convert 1397 (base 10) to base 6.
10245
Convert 1011001011 (base 2) to base 3.
222111
What is 6706 (base 8) in base 15?
10a1
Convert 100100110101111 (base 2) to base 16.
49af
-4419 (base 10) to base 16
-1143
What is 54a (base 12) in base 4?
30022
Convert -5029 (base 12) to base 7.
-34200
-120a (base 11) to base 6
-11155
What is -1000100110 (base 3) in base 4?
-10313202
-21561 (base 9) to base 6
-150131
Convert -3030 (base 14) to base 12.
-4956
-e8e (base 15) to base 14
-12a8
33311213 (base 4) to base 9
107878
What is 3a (base 11) in base 10?
43
4ba (base 15) to base 14
56b
What is 775f (base 16) in base 8?
73537
17740 (base 9) to base 5
343032
11332 (base 4) to base 6
1434
What is -1250 (base 8) in base 3?
-221012
What is -2b45 (base 12) in base 6?
-35325
Convert -345 (base 9) to base 5.
-2114
Convert b28 (base 12) to base 6.
11252
What is -133332 (base 4) in base 8?
-3776
Convert -1a55 (base 16) to base 8.
-15125
What is 102102011 (base 3) in base 5?
231240
What is 1572 (base 8) in base 11?
73a
-118 (base 12) to base 9
-202
-300301 (base 4) to base 13
-1561
-23434 (base 8) to base 3
-111201211
Convert -18b (base 13) to base 10.
-284
What is 1710 (base 15) in base 10?
4965
What is -114230 (base 5) in base 6?
-31551
What is 110010021 (base 3) in base 9?
13107
77652 (base 8) to base 11
22611
-119 (base 13) to base 3
-21002
What is -21430 (base 5) in base 2?
-10111010010
-2102 (base 5) to base 12
-1b1
1251 (base 6) to base 8
477
What is -2852 (base 9) in base 13?
-c98
What is bc3 (base 14) in base 16?
917
What is 686 (base 9) in base 4?
20310
-1226a (base 12) to base 15
-7427
What is -12d6 (base 14) in base 16?
-cfc
Convert 23453 (base 6) to base 12.
1b89
Convert -2010 (base 9) to base 5.
-21332
Convert -a39a (base 14) to base 12.
-14370
What is -3525 (base 14) in base 16?
-241d
What is 1418 (base 10) in base 4?
112022
111241 (base 5) to base 13
1a47
1310200 (base 4) to base 6
54304
Convert 235 (base 13) to base 6.
1434
What is -1101 (base 14) in base 8?
-5575
-a8 (base 14) to base 2
-10010100
1100